is the remainder when 13019 is divided by 2901?
1415
Calculate the remainder when 297149 is divided by 175.
174
Calculate the remainder when 25116 is divided by 128.
28
What is the remainder when 579 is divided by 1?
0
Calculate the remainder when 131380 is divided by 2479.
2472
What is the remainder when 7448437 is divided by 10?
7
Calculate the remainder when 4826302 is divided by 55.
52
Calculate the remainder when 10298 is divided by 89.
63
What is the remainder when 2754 is divided by 1326?
102
What is the remainder when 9323 is divided by 2023?
1231
Calculate the remainder when 7348 is divided by 196.
96
What is the remainder when 19549 is divided by 17?
16
Calculate the remainder when 59325 is divided by 11832.
165
Calculate the remainder when 9010 is divided by 170.
0
Calculate the remainder when 2475 is divided by 623.
606
Calculate the remainder when 3660 is divided by 704.
140
Calculate the remainder when 1177 is divided by 371.
64
What is the remainder when 12496 is divided by 378?
22
What is the remainder when 9337 is divided by 54?
49
What is the remainder when 186 is divided by 73?
40
What is the remainder when 6198 is divided by 6161?
37
Calculate the remainder when 49797 is divided by 495.
297
What is the remainder when 51019 is divided by 10?
9
What is the remainder when 11229 is divided by 5539?
151
What is the remainder when 7929 is divided by 181?
146
What is the remainder when 583744 is divided by 106?
2
What is the remainder when 5741 is divided by 219?
47
What is the remainder when 1092021 is divided by 1044?
1041
Calculate the remainder when 1062421 is divided by 27.
25
Calculate the remainder when 180645 is divided by 78.
75
Calculate the remainder when 119965 is divided by 430.
425
Calculate the remainder when 1734 is divided by 89.
43
Calculate the remainder when 186428 is divided by 27.
20
Calculate the remainder when 2465 is divided by 921.
623
What is the remainder when 72939 is divided by 12151?
33
What is the remainder when 14713 is divided by 813?
79
Calculate the remainder when 8248 is divided by 88.
64
What is the remainder when 702734 is divided by 1052?
1050
What is the remainder when 17887 is divided by 745?
7
Calculate the remainder when 9860 is divided by 448.
4
What is the remainder when 249715 is divided by 7?
4
Calculate the remainder when 50639 is divided by 20.
19
Calculate the remainder when 163124 is divided by 56.
52
What is the remainder when 84789 is divided by 42?
33
Calculate the remainder when 82179 is divided by 761.
752
What is the remainder when 7220 is divided by 157?
155
Calculate the remainder when 69692 is divided by 144.
140
What is the remainder when 25731 is divided by 677?
5
What is the remainder when 38614 is divided by 552?
526
What is the remainder when 1987 is divided by 1641?
346
What is the remainder when 1019109 is divided by 339702?
3
What is the remainder when 5428 is divided by 1795?
43
What is the remainder when 8718 is divided by 2838?
204
Calculate the remainder when 18978 is divided by 825.
3
What is the remainder when 8112 is divided by 792?
192
Calculate the remainder when 1178 is divided by 173.
140
Calculate the remainder when 36026 is divided by 2756.
198
Calculate the remainder when 13997 is divided by 1401.
1388
Calculate the remainder when 91407 is divided by 8.
7
Calculate the remainder when 256084 is divided by 82.
80
Calculate the remainder when 19799 is divided by 240.
119
What is the remainder when 3635 is divided by 512?
51
Calculate the remainder when 1456 is divided by 381.
313
Calculate the remainder when 3614 is divided by 516.
2
What is the remainder when 113044 is divided by 249?
247
What is the remainder when 49284 is divided by 42?
18
What is the remainder when 29690 is divided by 4830?
710
What is the remainder when 746877 is divided by 320?
317
What is the remainder when 2609 is divided by 354?
131
Calculate the remainder when 38065 is divided by 2535.
40
What is the remainder when 32167 is divided by 143?
135
What is the remainder when 141842 is divided by 11?
8
What is the remainder when 6332 is divided by 63?
32
Calculate the remainder when 15103 is divided by 196.
11
Calculate the remainder when 9973 is divided by 9227.
746
What is the remainder when 8026 is divided by 7977?
49
Calculate the remainder when 3581 is divided by 6.
5
Calculate the remainder when 492933 is divided by 6.
3
Calculate the remainder when 2436 is divided by 1166.
104
Calculate the remainder when 2289 is divided by 1703.
586
What is the remainder when 36649 is divided by 79?
72
Calculate the remainder when 77520 is divided by 120.
0
Calculate the remainder when 15547 is divided by 2590.
7
What is the remainder when 32827 is divided by 28?
11
What is the remainder when 45493 is divided by 5628?
469
What is the remainder when 3383 is divided by 491?
437
What is the remainder when 8824 is divided by 169?
36
What is the remainder when 4440367 is divided by 185?
182
What is the remainder when 41198 is divided by 100?
98
What is the remainder when 1473 is divided by 134?
133
Calculate the remainder when 39746 is divided by 21.
14
What is the remainder when 68690 is divided by 1321?
1319
Calculate the remainder when 131011 is divided by 212.
207
Calculate the remainder when 8284 is divided by 285.
19
What is the remainder when 352 is divided by 54?
28
Calculate the remainder when 40146 is divided by 521.
29
What is the remainder when 12264 is divided by 4088?
0
What is the remainder when 424015 is divided by 423997?
18
What is the remainder when 1477 is divided by 95?
52
What is the remainder when 167379 is divided by 20?
19
What is the remainder when 71120 is divided by 43?
41
What is the remainder when 4013 is divided by 278?
121
What is the remainder when 6453 is divided by 72?
45
Calculate the remainder when 15517 is divided by 3.
1
What is the remainder when 52519 is divided by 20?
19
What is the remainder when 61991 is divided by 1680?
1511
Calculate the remainder when 114881 is divided by 154.
151
What is the remainder when 36294 is divided by 1814?
14
What is the remainder when 21360 is divided by 2?
0
What is the remainder when 219874 is divided by 161?
109
What is the remainder when 1255811 is divided by 473?
469
What is the remainder when 105511 is divided by 6?
1
What is the remainder when 629197 is divided by 104?
101
Calculate the remainder when 2723253 is divided by 109.
106
Calculate the remainder when 73916 is divided by 1802.
34
Calculate the remainder when 1342 is divided by 66.
22
Calculate the remainder when 10942 is divided by 79.
40
What is the remainder when 54627 is divided by 14?
13
What is the remainder when 296678 is divided by 243?
218
What is the remainder when 685205 is divided by 9?
8
What is the remainder when 208488 is divided by 486?
480
What is the remainder when 6239 is divided by 2417?
1405
Calculate the remainder when 3133 is divided by 743.
161
What is the remainder when 44884 is divided by 14921?
121
Calculate the remainder when 31225 is divided by 3468.
13
Calculate the remainder when 675247 is divided by 185.
182
Calculate the remainder when 3243 is divided by 310.
143
Calculate the remainder when 227660 is divided by 120.
20
What is the remainder when 5493 is divided by 817?
591
Calculate the remainder when 385928 is divided by 7.
4
Calculate the remainder when 96723 is divided by 94.
91
What is the remainder when 6252 is divided by 242?
202
Calculate the remainder when 38641 is divided by 22.
9
What is the remainder when 62326 is divided by 20768?
22
Calculate the remainder when 4609 is divided by 21.
10
Calculate the remainder when 8172 is divided by 8111.
61
Calculate the remainder when 34096 is divided by 11355.
31
Calculate the remainder when 5285 is divided by 5272.
13
Calculate the remainder when 15525 is divided by 162.
135
What is the remainder when 11207 is divided by 11193?
14
Calculate the remainder when 323389 is divided by 132.
121
What is the remainder when 118159 is divided by 20?
19
What is the remainder when 1169451 is divided by 141?
138
What is the remainder when 79016 is divided by 60?
56
Calculate the remainder when 99541 is divided by 1508.
13
Calculate the remainder when 1920498 is divided by 73.
14
C